ime?
True
Is 11849547 a composite number?
True
Is 37517 composite?
False
Is 341371 a prime number?
False
Is 6122747 a composite number?
False
Is 3863269 composite?
False
Is 220413 a prime number?
False
Is 34643383 a composite number?
False
Is 71547257 composite?
False
Is 3358151 composite?
False
Is 952355 a prime number?
False
Is 46752049 composite?
False
Is 16297943 a composite number?
False
Is 58932479 prime?
False
Is 728177 composite?
True
Is 51484651 composite?
True
Is 106214627 prime?
True
Is 185620471 prime?
False
Is 154982941 prime?
True
Is 1023239671 composite?
True
Is 321883 a prime number?
False
Is 930263 a prime number?
False
Is 781211 composite?
False
Is 40890193 a prime number?
True
Is 2517731 prime?
False
Is 30038869 a composite number?
True
Is 67737979 prime?
False
Is 2013257 composite?
True
Is 7898665 prime?
False
Is 17710187 prime?
False
Is 68494007 a prime number?
False
Is 12438553 a composite number?
False
Is 9288179 composite?
False
Is 442896653 a composite number?
True
Is 667081 a prime number?
True
Is 92315231 composite?
True
Is 3014003 a prime number?
True
Is 184674137 prime?
False
Is 42778877 a prime number?
True
Is 24403397 prime?
True
Is 3806771 a composite number?
True
Is 1197535397 prime?
True
Is 1344899 a prime number?
True
Is 4531883 prime?
False
Is 7509671 a composite number?
True
Is 255460123 a composite number?
False
Is 1422461 prime?
True
Is 7959793 prime?
True
Is 27820703 a prime number?
False
Is 25911829 a composite number?
True
Is 12915583 a prime number?
True
Is 76239701 a prime number?
True
Is 81757261 a composite number?
True
Is 48133751 a composite number?
False
Is 2404441 a prime number?
False
Is 79481107 prime?
True
Is 2852099 prime?
True
Is 72468897 prime?
False
Is 13626727 composite?
True
Is 3298657 a composite number?
False
Is 7571437 composite?
False
Is 228928501 composite?
False
Is 2462983 a composite number?
True
Is 20301647 a composite number?
False
Is 402020759 prime?
False
Is 5348787 composite?
True
Is 17789017 a prime number?
False
Is 7866673 composite?
False
Is 47924342 composite?
True
Is 11099839 a prime number?
False
Is 26510039 a composite number?
False
Is 232046231 prime?
True
Is 16529207 a composite number?
False
Is 7205057 prime?
False
Is 375353 a composite number?
True
Is 5195119 a prime number?
False
Is 17029379 a prime number?
False
Is 1564183 a prime number?
True
Is 91429099 prime?
False
Is 113628371 composite?
False
Is 2999483 a composite number?
False
Is 346222237 a composite number?
True
Is 5576009 composite?
False
Is 8019209 a composite number?
True
Is 21212473 prime?
False
Is 1902203 a prime number?
True
Is 16955563 composite?
False
Is 8285831 a composite number?
False
Is 1085239 prime?
False
Is 772273 prime?
True
Is 34350073 a prime number?
False
Is 127193107 a prime number?
False
Is 34670681 prime?
True
Is 7876087 a prime number?
False
Is 109174109 a prime number?
False
Is 6420487 composite?
False
Is 393034997 prime?
False
Is 93073817 prime?
True
Is 14145701 prime?
True
Is 11932989 prime?
False
Is 8597293 prime?
True
Is 90022423 a composite number?
False
Is 62505853 composite?
True
Is 581639 composite?
False
Is 5259349 a prime number?
False
Is 461383 prime?
False
Is 125545159 composite?
False
Is 201251761 a composite number?
False
Is 5526383 a prime number?
True
Is 5338433 a composite number?
False
Is 242881283 prime?
False
Is 13227023 composite?
False
Is 11608013 a prime number?
False
Is 151867 prime?
False
Is 63829427 a prime number?
True
Is 1187411 composite?
False
Is 994181 a composite number?
False
Is 16126471 a prime number?
False
Is 687614191 prime?
False
Is 116053439 composite?
False
Is 91529 a composite number?
False
Is 36433 a composite number?
False
Is 3212413 prime?
True
Is 46907843 a composite number?
False
Is 5823847 prime?
False
Is 342973973 a composite number?
False
Is 45787627 composite?
False
Is 339094739 prime?
True
Is 5065841 a composite number?
True
Is 2678057 prime?
False
Is 131171251 composite?
False
Is 46061733 composite?
True
Is 80967937 a composite number?
True
Is 237065863 composite?
False
Is 16144603 prime?
True
Is 2194651 a composite number?
True
Is 68967933 prime?
False
Is 6212147 a prime number?
True
Is 4453063 prime?
True
Is 43187673 a prime number?
False
Is 25951286 a prime number?
False
Is 4076879 prime?
True
Is 8796745 a composite number?
True
Is 1618261 prime?
True
Is 22636633 prime?
False
Is 5995331 prime?
True
Is 1150301 composite?
False
Is 1696543 prime?
True
Is 43895461 prime?
False
Is 136649 a composite number?
False
Is 388235915 a prime number?
False
Is 21103217 prime?
True
Is 2004701 prime?
True
Is 2292467 a prime number?
False
Is 40270121 composite?
False
Is 116688773 a prime number?
True
Is 1678811 a prime number?
False
Is 119539 composite?
True
Is 239362261 a composite number?
True
Is 45316727 composite?
True
Is 4228585 prime?
False
Is 1216937 composite?
False
Is 23616337 a prime number?
False
Is 744317 composite?
True
Is 34797359 composite?
False
Is 125497 a composite number?
False
Is 116570957 composite?
False
Is 6461465 a prime number?
False
Is 12747797 composite?
False
Is 8900033 a composite number?
True
Is 132330755 prime?
False
Is 53269583 prime?
True
Is 2415487 composite?
False
Is 152543929 prime?
True
Is 99205 a prime number?
False
Is 10325519 a composite number?
False
Is 44090017 composite?
False
Is 90968971 composite?
True
Is 13016897 a prime number?
False
Is 1730233 a prime number?
False
Is 9423307 prime?
False
Is 1224756413 a prime number?
True
Is 11380619 prime?
True
Is 23756977 a composite number?
False
Is 267745099 a composite number?
False
Is 16208495 prime?
False
Is 9004547 prime?
False
Is 18800087 a prime number?
True
Is 5492638 a prime number?
False
Is 18436135 a composite number?
True
Is 4804537 a composite number?
True
Is 83253683 prime?
False
Is 5053681 a composite number?
False
Is 820577 a prime number?
True
Is 3883933 a prime number?
True
Is 19547981 a composite number?
False
Is 148656847 a prime number?
False
Is 1210961 prime?
False
Is 5552518 composite?
True
Is 87910367 a prime number?
True
Is 34564307 a prime number?
False
Is 2075323 a composite number?
False
Is 1423039 a composite number?
False
Is 151233833 a composite number?
True
Is 1413942709 a prime number?
False
Is 156216427 composite?
False
Is 2795509 a composite number?
True
Is 19297747 a composite number?
True
Is 7970437 a composite number?
True
Is 8638277 prime?
True
Is 42993437 prime?
False
Is 312488123 a prime number?
True
Is 12053641 prime?
False
Is 477149 composite?
False
Is 6714913 prime?
True
Is 16568491 prime?
True
Is 695599 a composite number?
False
Is 4721879 a composite number?
False
Is 2188001 composite?
False
Is 13188055 composite?
True
Is 308101687 composite?
False
Is 202463 prime?
False
Is 6346397 prime?
True
Is 40701439 a composite number?
True
Is 219833 composite?
True
Is 153765149 prime?
False
Is 86958013 composite?
False
Is 86632679 a prime number?
False
Is 63059389 prime?
True
Is 293375821 composite?
True
Is 60480019 a prime number?
True
Is 9942587 prime?
True
Is 26847629 prime?
True
Is 905368909 prime?
False
Is 4228141 a composite number?
False
Is 24615571 composite?
False
Is 153411 composite?
True
Is 312014 prime?
False
Is 9127589 a composite number?
True
Is 52360103 a composite number?
False
Is 960657 prime?
False
Is 29307259 a composite number?
False
Is 12487861 a prime number?
True
Is 225562091 a prime number?
False
Is 1201201 a composite number?
False
Is 332987 a composite number?
False
Is 6138931 prime?
False
Is 34707185 prime?
False
Is 486527 a composite number?
False
Is 4557521 prime?
True
Is 19455946 a prime number?
False
Is 741187 prime?
True
Is 80688653 a prime number?
True
Is 1725349 a prime number?
False
Is 57887017 a composite number?
False
Is 7029047 prime?
False
Is 21042745 composite?
True
Is 397915897 composite?
False
Is 103780333 prime?
False
Is 121276907 prime?
False
Is 23232721 prime?
True
Is 78901307 a prime number?
True
Is 6471053 composite?
False
Is 32082781 a prime number?
False
Is 12564663 composite?
True
Is 40208187 prime?
False
Is 7517033 composite?
False
Is 109156573 prime?
True
Is 9530113 a prime number?
False
Is 3856949 a composite number?
False
Is 5199209 a composite number?
True
Is 6192